ime factors of 828?
2, 3, 23
List the prime factors of 562.
2, 281
List the prime factors of 15091.
15091
What are the prime factors of 3457?
3457
List the prime factors of 34522.
2, 41, 421
What are the prime factors of 15820?
2, 5, 7, 113
List the prime factors of 1167.
3, 389
What are the prime factors of 79337?
79337
List the prime factors of 173.
173
List the prime factors of 20071.
20071
What are the prime factors of 2907?
3, 17, 19
List the prime factors of 7936.
2, 31
List the prime factors of 9334.
2, 13, 359
List the prime factors of 400.
2, 5
List the prime factors of 7603.
7603
List the prime factors of 32369.
32369
List the prime factors of 90898.
2, 47, 967
What are the prime factors of 74700?
2, 3, 5, 83
What are the prime factors of 57530?
2, 5, 11, 523
List the prime factors of 57517.
113, 509
What are the prime factors of 19591?
11, 13, 137
What are the prime factors of 772?
2, 193
What are the prime factors of 7636?
2, 23, 83
What are the prime factors of 27334?
2, 79, 173
What are the prime factors of 1435?
5, 7, 41
List the prime factors of 127889.
19, 53, 127
List the prime factors of 310.
2, 5, 31
What are the prime factors of 9892?
2, 2473
List the prime factors of 4508.
2, 7, 23
List the prime factors of 1385.
5, 277
What are the prime factors of 33122?
2, 16561
What are the prime factors of 146398?
2, 7, 10457
List the prime factors of 7105.
5, 7, 29
List the prime factors of 13698.
2, 3, 761
List the prime factors of 5099.
5099
What are the prime factors of 1350?
2, 3, 5
What are the prime factors of 37114?
2, 7, 11, 241
What are the prime factors of 52852?
2, 73, 181
List the prime factors of 3054.
2, 3, 509
List the prime factors of 104.
2, 13
What are the prime factors of 7487?
7487
List the prime factors of 726.
2, 3, 11
List the prime factors of 1910.
2, 5, 191
List the prime factors of 10353.
3, 7, 17, 29
List the prime factors of 1674.
2, 3, 31
What are the prime factors of 1490?
2, 5, 149
List the prime factors of 9602.
2, 4801
List the prime factors of 17456.
2, 1091
List the prime factors of 29766.
2, 3, 11, 41
List the prime factors of 9128.
2, 7, 163
List the prime factors of 1104.
2, 3, 23
List the prime factors of 3549.
3, 7, 13
What are the prime factors of 6542?
2, 3271
What are the prime factors of 3979?
23, 173
List the prime factors of 1454.
2, 727
What are the prime factors of 15927?
3, 5309
What are the prime factors of 739?
739
What are the prime factors of 161323?
161323
What are the prime factors of 11359?
37, 307
What are the prime factors of 162057?
3, 7, 7717
What are the prime factors of 32932?
2, 8233
What are the prime factors of 1437?
3, 479
List the prime factors of 14305.
5, 2861
List the prime factors of 3257.
3257
List the prime factors of 46643.
46643
List the prime factors of 1913.
1913
List the prime factors of 1245.
3, 5, 83
List the prime factors of 167807.
17, 9871
List the prime factors of 748.
2, 11, 17
List the prime factors of 47857.
47857
What are the prime factors of 35920?
2, 5, 449
List the prime factors of 21975.
3, 5, 293
List the prime factors of 3304.
2, 7, 59
List the prime factors of 139.
139
What are the prime factors of 7038?
2, 3, 17, 23
What are the prime factors of 87235?
5, 73, 239
List the prime factors of 14479.
14479
What are the prime factors of 1856?
2, 29
What are the prime factors of 3976?
2, 7, 71
List the prime factors of 16907.
11, 29, 53
What are the prime factors of 6126?
2, 3, 1021
List the prime factors of 246.
2, 3, 41
List the prime factors of 1942.
2, 971
What are the prime factors of 7730?
2, 5, 773
List the prime factors of 579.
3, 193
List the prime factors of 1273.
19, 67
List the prime factors of 2635.
5, 17, 31
List the prime factors of 18272.
2, 571
List the prime factors of 12432.
2, 3, 7, 37
List the prime factors of 54930.
2, 3, 5, 1831
List the prime factors of 2318.
2, 19, 61
List the prime factors of 31613.
101, 313
What are the prime factors of 1716?
2, 3, 11, 13
List the prime factors of 6679.
6679
List the prime factors of 15901.
15901
What are the prime factors of 9997?
13, 769
What are the prime factors of 7541?
7541
List the prime factors of 1936.
2, 11
What are the prime factors of 19869?
3, 37, 179
List the prime factors of 54.
2, 3
What are the prime factors of 11289?
3, 53, 71
What are the prime factors of 6387?
3, 2129
List the prime factors of 1118.
2, 13, 43
List the prime factors of 11126.
2, 5563
What are the prime factors of 1328?
2, 83
List the prime factors of 2267.
2267
What are the prime factors of 17388?
2, 3, 7, 23
What are the prime factors of 78439?
78439
What are the prime factors of 1476?
2, 3, 41
What are the prime factors of 525?
3, 5, 7
What are the prime factors of 33286?
2, 11, 17, 89
List the prime factors of 51104.
2, 1597
What are the prime factors of 1736?
2, 7, 31
What are the prime factors of 518?
2, 7, 37
What are the prime factors of 7552?
2, 59
List the prime factors of 314.
2, 157
What are the prime factors of 30537?
3, 13, 29
What are the prime factors of 62797?
7, 8971
What are the prime factors of 10647?
3, 7, 13
What are the prime factors of 98130?
2, 3, 5, 3271
What are the prime factors of 20947?
20947
What are the prime factors of 1715?
5, 7
List the prime factors of 18591.
3, 6197
List the prime factors of 9303.
3, 7, 443
What are the prime factors of 197?
197
What are the prime factors of 989?
23, 43
What are the prime factors of 137982?
2, 3, 13, 29, 61
What are the prime factors of 4102?
2, 7, 293
What are the prime factors of 254?
2, 127
List the prime factors of 32791.
11, 271
What are the prime factors of 4703?
4703
List the prime factors of 3850.
2, 5, 7, 11
What are the prime factors of 19741?
19, 1039
List the prime factors of 657.
3, 73
What are the prime factors of 5202?
2, 3, 17
What are the prime factors of 3438?
2, 3, 191
List the prime factors of 5440.
2, 5, 17
What are the prime factors of 14803?
113, 131
List the prime factors of 46999.
43, 1093
List the prime factors of 1001.
7, 11, 13
What are the prime factors of 97322?
2, 48661
What are the prime factors of 2019?
3, 673
What are the prime factors of 135?
3, 5
List the prime factors of 3532.
2, 883
What are the prime factors of 1287?
3, 11, 13
What are the prime factors of 767?
13, 59
What are the prime factors of 1812?
2, 3, 151
List the prime factors of 43926.
2, 3, 7321
What are the prime factors of 2165?
5, 433
What are the prime factors of 2296?
2, 7, 41
List the prime factors of 1879.
1879
What are the prime factors of 11989?
19, 631
What are the prime factors of 5329?
73
List the prime factors of 60518.
2, 30259
What are the prime factors of 3788?
2, 947
List the prime factors of 1449.
3, 7, 23
What are the prime factors of 3986?
2, 1993
What are the prime factors of 16743?
3, 5581
List the prime factors of 3667.
19, 193
List the prime factors of 2651.
11, 241
List the prime factors of 2098.
2, 1049
List the prime factors of 334.
2, 167
List the prime factors of 60099.
3, 13, 23, 67
What are the prime factors of 17227?
7, 23, 107
List the prime factors of 13875.
3, 5, 37
What are the prime factors of 19325?
5, 773
List the prime factors of 10090.
2, 5, 1009
List the prime factors of 53242.
2, 7, 3803
What are the prime factors of 15248?
2, 953
What are the prime factors of 570?
2, 3, 5, 19
List the prime factors of 8507.
47, 181
What are the prime factors of 125470?
2, 5, 12547
What are the prime factors of 352?
2, 11
List the prime factors of 13136.
2, 821
List the prime factors of 257.
257
What are the prime factors of 20596?
2, 19, 271
What are the prime factors of 5749?
5749
What are the prime factors of 7289?
37, 197
What are the prime factors of 16926?
2, 3, 7, 13, 31
List the prime factors of 5068.
2, 7, 181
List the prime factors of 22476.
2, 3, 1873
What are the prime factors of 34542?
2, 3, 19, 101
What are the prime factors of 12540?
2, 3, 5, 11, 19
List the prime factors of 15864.
2, 3, 661
What are the prime factors of 125464?
2, 15683
What are the prime factors of 28056?
2, 3, 7, 167
What are the prime factors of 4372?
2, 1093
What are the prime factors of 641?
641
List the prime factors of 1359.
3, 151
What are the prime factors of 493?
17, 29
What are the prime factors of 25145?
5, 